-7
What is (-2 - 15) + (37 - 27)?
-7
What is the value of (10 - (2 - -22)) + 33?
19
What is -2 - (4 - -1) - (3 - (11 + -7))?
-6
What is the value of 2 + 37 - (440 + -432)?
31
Calculate -10 + (-22 + (-8 - -12) - (-16 - -12)).
-24
What is -22 - (7 - (9 - (-14 + 7)))?
-13
What is -1094 + 1091 + (11 - (0 + 1))?
7
What is the value of (15 - 6 - 10 - (6 - -1)) + -6?
-14
-11 + 3 + -4 - (-11 + 8 + 1)
-10
What is the value of -4 + (7 - 4) - (8 + -17)?
8
(-2 - -1 - -7) + (-6 - -9) + -7
2
-178 - -150 - (-26 - -3)
-5
Calculate 24 + (-38 - -21) + -11 + 15.
11
What is -1 + (1 - -8) + -70 + 69?
7
Calculate (-9 - -11) + -7 + 6.
1
What is 6 - 4 - -1 - 9?
-6
Evaluate ((17 - 6) + -7 - 2) + (-1 - 1).
0
(-4 - (-44 + 20)) + -26
-6
Calculate -7 + -15 + (20 - -16).
14
-114 - -122 - (32 + 8)
-32
Calculate -24 - -25 - (-5 + 1).
5
Evaluate -1176 + 1186 + (-32 - 1).
-23
Calculate -19 + 1 + -1 + -33 + 39 + -2.
-15
-12 + 2 + -6 + 6
-10
What is the value of 38 + -34 + 1 + 0 + -13 - 8?
-16
Calculate 4 + (16 + -25 - -5).
0
What is (9 - (51 - 6 - 11)) + 13?
-12
Calculate (2 - 4 - -48) + -28 + (22 - 6).
34
Calculate (-14 - (4 + -14)) + -4.
-8
Evaluate -10 + (-7 - -10) + -4.
-11
(2 - 4) + (-7 - (-6 + 2)) + 0
-5
What is 0 + 5 + -7 + 21 + -6 + 0?
13
Evaluate -16 + (-5 - -18) - (-1 - 5).
3
-13 + 1 + -7 + 24
5
What is -14 + 25 + 3 - 7?
7
Calculate (-4 + 16 - (-12 + 33)) + 4.
-5
Calculate -7 + (-13 - -41) + -8.
13
(1 - -1) + (-23 - -10 - -33)
22
What is (610 - 640) + (1 - -25)?
-4
-2 - 2 - ((-7 - 1) + 0 - -6)
-2
What is 46 - (-43 - (-38 + -74))?
-23
What is the value of (-1 + 11 - (22 - 16) - -12) + 1?
17
What is -20 + -4 + 12 + 10?
-2
What is 37 + (-23 - -7) + -33?
-12
Calculate -4 + (-11 - (-44 + 16)).
13
What is 7 - (-9 + (0 - -7) + 1)?
8
15 - ((-6 - -11 - -22) + 2)
-14
What is 5 + 0 + -9 + -6 + -3 + 0?
-13
Calculate -16 + (1 - -34 - 32).
-13
Evaluate 1 + 32 - (20 + 7 + -26 + 8).
24
What is -24 + -8 + 8 - (0 + 7 - 14)?
-17
Evaluate -6 - (5 - 14) - 0.
3
What is -42 - (-48 - 5) - (-2 - 1)?
14
What is (11 - 1 - (-19 + 45 + -20)) + -7?
-3
(19 + -38 - -28) + (0 - 0)
9
5 - 8 - 9 - -3 - (-11 + 12)
-10
What is 22 - 14 - (8 - 4)?
4
What is the value of 19 + (-35 - -27) - 29?
-18
Calculate -15 + 9 + -3 + 16 + -23.
-16
Evaluate 6 - (3 - 3 - -6 - (-10 - -17)).
7
What is (4 - (-5 - -6 - 6)) + 3 + -9?
3
Evaluate (-5 - -4) + 0 + -3 + -105 + 92.
-17
What is -14 + 17 + 16 + -8?
11
What is (6 - (5 + (-6 + 1 - -5))) + 6?
7
Evaluate 30 - 30 - (6 + -3 + (-2 - 5)).
4
What is -34 + 50 - (-3 - (-5 + 1))?
15
Calculate 9 - (-28 + 13 + 12).
12
Evaluate 13 + -12 + (56 - 74).
-17
-11 + (17 - (-11 - -16))
1
What is the value of (-10 - 1) + 9 + 3 + -9?
-8
What is -5 + 5 + (0 - (13 - 4))?
-9
What is 3 + (0 - 4) + (15 - 14)?
0
Evaluate -46 + (-17 - (-11 + -30)).
-22
(-11 - -38) + -13 - 9
5
What is 0 - -19 - (-13 - (2 + -12) - -7)?
15
(-1 - -3 - 10) + (1591 - 1597)
-14
-5 + 4 + -2 + -1 - (4 - 3)
-5
What is the value of 2 - (4 - (3 + 12))?
13
Calculate -1 + 2 + -8 - -30.
23
What is the value of (-1 - -1) + 7 - (-95 + 37 - -76)?
-11
Calculate -15 - ((-44 - (14 - 20)) + 19).
4
What is 10 + -5 - (11 - (-8 + 13) - 4)?
3
What is -3 + -1 - (13 - (-22 - -30))?
-9
-7 - (2 + 7) - 2
-18
-2 + -18 + (-230 - -230)
-20
Evaluate 0 - 30 - (-18 + (-29 - -34)).
-17
What is the value of 5 + (3 - 3) - ((46 - 14) + -48)?
21
What is -1 + (9 - (5 + 8))?
-5
Calculate 21 + 15 + 9 - 17.
28
Evaluate -5 + 4 - (-11 + 20 + -2).
-8
Calculate 1 + -10 + (6 - -6).
3
Calculate 3 - 0 - -1 - (-2 - (11 - 21)).
-4
What is the value of (-7 - (-6 + -16 - 7)) + -1?
21
What is (-21 + 14 - -12) + -7?
-2
(-12 - 0) + (27 - (-32 + 75))
-28
What is (27 - 26) + -4 + -12 - 14?
-29
What is (-8 + 3 + 2 - 7) + (-1 - -9)?
-2
What is (2 - -2) + -1 + (11 + 2 - 11)?
5
What is the value of -22 + -5 + 0 + 16?
-11
What is the value of -80 + 99 - (1 - (-1 + -6))?
11
Calculate (-9 - -7) + -10 + 9 + 5.
2
18 + -4 - (4 + 5)
5
Evaluate 1 + 3 + (6 - -2).
12
Calculate 43 + -10 - 7 - (4 + -1).
23
(-34 - -7) + 23 + -25
-29
Evaluate -3 - (-15 + 3 - 0).
9
What is the value of (5 + 1 + 2 - (41 - 38)) + -11?
-6
(0 - 8) + -472 + 473
-7
What is the value of 3 + (-32 - -12) + (-12 - -22)?
-7
Calculate (-1 - -6) + (21 + -14 - 8).
4
Evaluate 1 + 21 - (-110 + 130).
2
Evaluate (-5 - (-6 + 4 - 10)) + 5 - -4.
16
-18 - -17 - (6 - 4 - 2)
-1
-51 - (13 + -23 - 13)
-28
Calculate (4 - 3) + (-7 - -9) + -4.
-1
Calculate 4 - -5 - 1 - (1 - -4 - 6).
9
What is the value of 40 - 24 - (-7 - -16 - 20)?
27
19 + (12 + (-5 - 4) - -2)
24
Calculate (20 - 33 - (1 + -5)) + 13.
4
What is the value of 18 - (7 - (-12 + 9 + 7))?
15
-4 - ((-12 - (3 - 8 - -6)) + 4)
5
Evaluate (-66 - (-3 + -23)) + 19.
-21
What is ((-1 - -5) + 0 - 1) + (-1 - 14)?
-12
-23 + (-8 - -41) - (-3 + 1)
12
What is 8 + 1 + (16 + -6 - 6)?
13
What is the value of -1 - ((11 - (13 + -2)) + 7)?
-8
What is the value of -5 + -5 + 1 + 0 + 17?
8
What is (-29 - (18 + -58)) + -28?
-17
Evaluate (2 - (-8 + 3)) + (-19 - -20).
8
-6 + 1 + (16 - (-82 - -78))
15
Calculate -9 + (19 - (-49 + 41)).
18
What is -55 + (17 - 2) + 7?
-33
(-12 - -2) + 190 + -168 + (1 - 15)
-2
11 - (27 + -4 - 16)
4
What is the value of 2 + (1 - 2) + 5 + -5 + -6?
-5
Evaluate -4 - (0 + 5 + 2 + -9).
-2
Evaluate -6 - (5 + 3 - 10) - 0.
-4
What is the value of -3 - (8 + -1 + 19) - -2?
-27
3 + 2 - (235 - 255)
25
What is -1 + 7 - (6 + 32 + -15)?
-17
Evaluate -28 + 6 + 21 + 0 + 6.
5
Evaluate 15 + -3 - (125 - 93).
-20
What is 98 - 76 - (8 + 0) - 0?
14
Calculate (-21 - (-11 - (-10 + 4))) + 6.
-10
What is -1 + 4 + 4 + -21 + 0?
-14
What is -8 - ((-1 + -1 - (64 - 74)) + 12)?
-28
What is the value of 19 - (-11 - (-7 + 2 - 1))?
24
(-2 - 21) + (26 - 20)
-17
What is the value of (12 - 11) + -11 + 13?
3
Calculate 5 - (-11 + 11 + 0).
5
Calculate 1 - 9 - (12 + 8 - 22).
-6
What is 12 + -4 + 3 + -2 - (156 + -163)?
16
Evaluate (0 + 2 + (-16 - -8) - -16) + -12.
-2
What is -30 + 41 + 3 + 5 + -6?
13
What is -47 + 61 + (-3 - -5) + 6?
22
What is -14 + (-32 - (-17 - -11)) - (-3 - 7)?
-30
Calculate 13 - 13 - (-3 + (7 + -5 - -3)).
-2
Calculate 4 - (-1 + 0) - (7 - (17 + -19)).
-4
What is 3 + (-4 - -9) + 6 + (-2 - 5)?
7
(-50 - (-23 + 10)) + (5 - 1)
-33
Calculate -5 + (-19 - -9) - -6.
-9
Evaluate 0 + 16 - (0 - (2 + -7)).
11
Calculate -16 + 34 + -31 + -4.
-17
1 - -10 - ((3 - -2) + -14 - -9)
11
31 - (15 + 22 + 2)
-8
Evaluate 5 - (-2 + 0 - (2 + (-2 - 0))).
7
Calculate (1 - 7) + 7 - 2 - (-1 + -23).
23
What is 1 + (-8 - -1) + (5 + -47 - -64)?
16
What is -6 - (10 - (7 + -1))?
-10
Calculate -2 - (-6 + 1) - 9 - (-1 - 0).
-5
What is the value of (-16 - -10 - -7) + -1 + 1?
1
What is the value of -7 - (8 - (-4 + 8 + 14))?
3
What is the value of -108 - -114 - (-8 + 2 - 1)?
13
2 + -1 + -248 + 230
-17
What is the value of 9 - (28 + (-8 - -9) + -7)?
-13
What is the value of -7 - (13 - 17) - 21?
-24
Calculate (3 - 1) + -22 - (1 - (-4 + 6)).
-19
19 - (24 - (57 + -29))
23
What is the value of -49 + 44 + (-2 - (1 - -3)) - -28?
17
Calculate 2 + 4 + -11 + 23 + (41 - 43).
16
-1 + 11 + (7 - (2 + 6))
9
-3 - (10 + -7) - (-1 + -10)
5
Calculate (-16 - 16) + 13 + 20.
1
What is the value of (5 - (12 + -3) - (-5 + 10)) + -6?
-15
Evaluate 14 - (-5 - (-30 - -13)).
2
-12 + -2 + 14 - -8
8
Calculate -10 - -12 - (3 + -4 + 6).
-3
Calculate -24 + 23 + 11 - (0 - -9).
1
Evaluate -38 + (-2 - 7 - -30).
-17
What is the value of (36 - 19) + 6 + -7?
16
Evaluate -40 + 81 + -11 - 14.
16
(1 - 1) + 49 + -43
6
Evaluate (352 - 338) + -2 + 2 + 2 + 2.
18
-29 + -1 - (-37 + (-33 - -58))
-18
-2 + (5 - 3) + (-6 - -14) + -12
-4
1 + 1 + (0 - (26 + -19)) + -9
-14
-18 + 3 + (-3 - -3) + 22 + -17
-10
-3 + (6 - 10) + 64 + -58
-1
-30 + (3 - -9) - -6
-12
26 + -3 - (19 + -9)
13
What is the value of (10 + -7 - -3) + -7 + 7?
6
What is 7 + 7 - (3 - -10) - (-4 - -22)?
-17
Calculate (7 - -35) + -50 + (2 + 15 - 1).
8
What is -1 + 1 + 7 + (3 - 0)?
10
What is the value of 10 + (2 + 1 - -3 - 8) + 5?
13
Calculate -9 + 0 + 2 - (-220 - -224).
-11
5 + (62 - 57 - (1 - 2 - 1))
12
1 + 16 + (-3 - 7)
7
What is the value of (3 + -15 - (23 - 4)) + 0?
-31
Evaluate (6 + -11 - (2 + -15)) + -2.
6
What is the value of (943 - 964) + 24 + 0?
3
What is the value of (2 - (2 + 15)) + 6?
-9
What is -8 - 0 - (220 + -221)?
-7
Calculate 23 - ((32 - 38) + 21).
8
Evaluate 62 + -63 - (1 - -5) - -11.
4
Calculate (16 - 75) + 22 +